71 prime?
True
Is 2869 a composite number?
True
Is 170207 prime?
True
Is 39499 a prime number?
True
Is 30631 a prime number?
True
Is 15545 composite?
True
Is 14951 prime?
True
Is 760094 composite?
True
Is 52691 composite?
False
Is 2092039 composite?
False
Is 160577 composite?
True
Is 2927 a prime number?
True
Is 10499 prime?
True
Is 559297 composite?
False
Is 6449 a composite number?
False
Is 12273 a prime number?
False
Is 101497 a composite number?
True
Is 11278 a composite number?
True
Is 167081 a composite number?
False
Is 1691735 composite?
True
Is 45377 a prime number?
True
Is 368027 prime?
False
Is 85487 composite?
False
Is 35797 composite?
False
Is 163043 a composite number?
True
Is 147151 prime?
True
Is 25743 prime?
False
Is 68423 composite?
True
Is 89 composite?
False
Is 21787 composite?
False
Is 4531 a composite number?
True
Is 3607 prime?
True
Is 926873 a composite number?
True
Is 26293 a composite number?
False
Is 26997 a composite number?
True
Is 8306 a prime number?
False
Is 35849 a composite number?
True
Is 187333 a composite number?
True
Is 67741 a composite number?
False
Is 114011 composite?
True
Is 49483 a prime number?
False
Is 48253 a prime number?
False
Is 399998 a composite number?
True
Is 20153 a prime number?
False
Is 717361 prime?
False
Is 4391 prime?
True
Is 24907 a composite number?
False
Is 76367 a composite number?
False
Is 10581 prime?
False
Is 228251 a prime number?
True
Is 6161891 a prime number?
False
Is 37721 composite?
True
Is 41687 a composite number?
False
Is 75893 a composite number?
True
Is 14167 prime?
False
Is 1133357 a composite number?
False
Is 48149 prime?
False
Is 310771 a prime number?
True
Is 11863 composite?
False
Is 9569 composite?
True
Is 22109 a prime number?
True
Is 18839 composite?
False
Is 51071 a composite number?
False
Is 887 a prime number?
True
Is 402079 composite?
True
Is 7817 a composite number?
False
Is 130903 prime?
False
Is 8002 a composite number?
True
Is 76441 composite?
False
Is 631 composite?
False
Is 16129 composite?
True
Is 70283 a composite number?
True
Is 350321 a composite number?
True
Is 8543 a composite number?
False
Is 453977 composite?
False
Is 10637 composite?
True
Is 82163 a prime number?
True
Is 2631 a composite number?
True
Is 17257 composite?
False
Is 121133 a composite number?
True
Is 16441 a composite number?
True
Is 3463 composite?
False
Is 125797 a composite number?
True
Is 14086 composite?
True
Is 3593 prime?
True
Is 5639 a prime number?
True
Is 5557 a composite number?
False
Is 641 a prime number?
True
Is 9223 a composite number?
True
Is 26171 prime?
True
Is 231169 a prime number?
True
Is 6931 a composite number?
True
Is 1203 a composite number?
True
Is 2183 composite?
True
Is 5935 a prime number?
False
Is 5400581 a prime number?
True
Is 4201 prime?
True
Is 142297 composite?
False
Is 2938655 a prime number?
False
Is 12319 a composite number?
True
Is 5669 composite?
False
Is 158507 a prime number?
True
Is 15481 composite?
True
Is 8095 a prime number?
False
Is 375589 prime?
False
Is 34994 a prime number?
False
Is 15727 composite?
False
Is 7058 composite?
True
Is 40249 prime?
False
Is 2993 a prime number?
False
Is 490843 composite?
True
Is 42281 a composite number?
False
Is 173699 a prime number?
True
Is 923 a composite number?
True
Is 650269 a prime number?
True
Is 4817 composite?
False
Is 21701 a composite number?
False
Is 4721 composite?
False
Is 17519 composite?
False
Is 559043 a prime number?
False
Is 27791 a composite number?
False
Is 91771 composite?
False
Is 32117 prime?
True
Is 7169 composite?
True
Is 12134 a composite number?
True
Is 75731 a prime number?
True
Is 989237 a composite number?
True
Is 33851 prime?
True
Is 417833 prime?
False
Is 1949 a composite number?
False
Is 1496585 a prime number?
False
Is 14489 a prime number?
True
Is 3239 a prime number?
False
Is 110621 prime?
False
Is 140053 a composite number?
False
Is 49727 a composite number?
False
Is 96581 a composite number?
False
Is 13439 prime?
False
Is 31385 composite?
True
Is 1321973 prime?
False
Is 155801 a composite number?
False
Is 5077 composite?
False
Is 65389 a prime number?
False
Is 8277083 composite?
False
Is 652871 composite?
False
Is 1144243 a prime number?
True
Is 582679 a prime number?
False
Is 35149 a composite number?
False
Is 23339 a composite number?
False
Is 957641 prime?
True
Is 8501 a composite number?
False
Is 10243 a prime number?
True
Is 649 prime?
False
Is 15817 composite?
False
Is 48073 a prime number?
True
Is 12323 a prime number?
True
Is 3889 composite?
False
Is 1637 a composite number?
False
Is 12739 prime?
True
Is 8561 a composite number?
True
Is 20479 a prime number?
True
Is 13535 a prime number?
False
Is 290013 prime?
False
Is 397 prime?
True
Is 6791 prime?
True
Is 1061087 prime?
True
Is 74021 composite?
False
Is 3149 composite?
True
Is 105137 composite?
False
Is 22571 composite?
False
Is 7093 composite?
True
Is 300907 a composite number?
True
Is 283555 prime?
False
Is 76207 composite?
False
Is 151777 prime?
False
Is 1361 composite?
False
Is 1337 a composite number?
True
Is 268057 a composite number?
True
Is 2447 prime?
True
Is 8497 composite?
True
Is 105913 prime?
True
Is 25691 a prime number?
False
Is 429719 a composite number?
False
Is 9397 prime?
True
Is 4197 a composite number?
True
Is 9967 a composite number?
False
Is 14971 a composite number?
True
Is 795727 a prime number?
True
Is 2317 a composite number?
True
Is 977555 prime?
False
Is 96049 prime?
False
Is 33227 a composite number?
True
Is 213751 a composite number?
False
Is 250491 a prime number?
False
Is 6443 prime?
False
Is 52763 prime?
False
Is 638689 prime?
True
Is 15278 a prime number?
False
Is 26603 a composite number?
True
Is 71039 a composite number?
False
Is 981913 prime?
True
Is 777058 a composite number?
True
Is 32951 prime?
False
Is 2309 composite?
False
Is 122723 a composite number?
True
Is 1177387 composite?
False
Is 9103 composite?
False
Is 795349 a prime number?
True
Is 7867 a composite number?
False
Is 993 prime?
False
Is 615101 prime?
True
Is 104987 a composite number?
False
Is 34739 prime?
True
Is 48179 a composite number?
False
Is 308513 a composite number?
True
Is 149143 prime?
True
Is 11957 prime?
False
Is 132563 composite?
True
Is 2897 a prime number?
True
Is 11906 prime?
False
Is 1515049 a prime number?
True
Is 190051 prime?
True
Is 1099519 prime?
True
Is 17026 prime?
False
Is 48947 composite?
False
Is 87613 a prime number?
True
Is 15121 prime?
True
Is 87509 prime?
True
Is 193659 a prime number?
False
Is 54077 composite?
True
Is 1506127 a prime number?
False
Is 225859 prime?
True
Is 32107 a prime number?
False
Is 79217 prime?
False
Is 598229 a prime number?
True
Is 2563331 prime?
True
Is 4317551 a prime number?
False
Is 429659 composite?
False
Is 3089459 a prime number?
True
Is 3641 prime?
False
Is 20067 composite?
True
Is 9033 a composite number?
True
Is 1823 prime?
True
Is 127 composite?
False
Is 10061 a composite number?
False
Is 167837 a prime number?
False
Is 355561 prime?
False
Is 22171 a composite number?
False
Is 416209 a composite number?
True
Is 283145 prime?
False
Is 1217 a prime number?
True
Is 638767 a prime number?
True
Is 33974 composite?
True
Is 652787 a composite number?
False
Is 434293 a prime number?
True
Is 18623 a composite number?
True
Is 75853 prime?
True
Is 220769 a prime number?
False
Is 33445 composite?
True
Is 232201 prime?
False
Is 178207 prime?
True
Is 286321 prime?
False
Is 12929 prime?
False
Is 510919 a prime number?
True
Is 87155 a prime number?
False
Is 14347 a prime number?
True
Is 14131 a composite number?
True
Is 93581 a prime number?
True
Is 60811 a prime number?
True
Is 5591 composite?
False
Is 308759 a prime number?
False
Is 4609 composite?
True
Is 3209 a prime number?
True
Is 20227 prime?
False
Is 3641 a prime number?
False
Is 10831 composite?
False
Is 131959 a composite number?
False
Is 3359 a prime number?
True
Is 135821 a composite number?
True
Is 5731 prime?
False
Is 21133 a composite number?
True
Is 3593 a prime number?
True
Is 16547 composite?
False
Is 101237 a prime number?
False
Is 109717 prime?
True
Is 140846 prime?
False
Is 198035 prime?
False
Is 9745 composite?
True
Is 1242545 prime?
False
Is 9967 a prime number?
True
Is 2